et x(y) = -y. Let u(j) = f*a(j) + 35*x(j). What are the prime factors of u(2)?
2, 7
Suppose -5*k + l + 177 = 0, -3*k - 2*l + 106 + 8 = 0. Let m = -21 + k. List the prime factors of 3/(((-12)/m)/(-4)).
3, 5
Let j(d) = 22*d**2 + 1. Let w be j(-1). Suppose 4*y + 2*q = -y + w, -1 = y - q. Suppose 0 = -y*v + x + 47, 2*v - 12 = -5*x + 8. List the prime factors of v.
3, 5
Suppose 0 = 3*k - 2*b - 15 + 3, 5*b - 8 = -2*k. What are the prime factors of (-2)/k*2 - -27?
2, 13
Let p(k) = -3*k - 4. Let u be p(-3). Let q = u - 5. What are the prime factors of (-1)/(q + (-2)/4)?
2
Suppose -2*n + 3*w = -31, -2*w - 1 = -w. List the prime factors of n.
2, 7
Suppose 2*b = 7*b - 340. Suppose 3*w = -2*w - v + 58, -4*v = -5*w + b. List the prime factors of w.
2, 3
Let a(n) be the first derivative of n**4/4 + n**3/3 - 2*n + 1. List the prime factors of a(2).
2, 5
Let q = -2 - -2. Suppose 14 = -q*g + g. List the prime factors of (g/4)/((-1)/(-2)).
7
Let n = 127 - 88. What are the prime factors of n?
3, 13
Let i(d) = -4*d. Let z be i(-1). Suppose -h + 35 = -3*l, -29 - 9 = -h + z*l. What are the prime factors of h?
2, 13
Let x(r) = r + 3. Let j be x(0). Suppose -4*a - 2*k + 34 = -a, 4*a + j*k - 45 = 0. List the prime factors of a.
2, 3
Suppose -1 - 6 = -h. What are the prime factors of 14/(-4)*(-4)/h?
2
Suppose 3*s - 111 = 54. List the prime factors of s.
5, 11
Let l(w) = -w. Let r be l(0). Let t(y) = -y + 3. What are the prime factors of t(r)?
3
Suppose 0 = -2*b + b + 13. What are the prime factors of b?
13
Let w(n) = 9*n + 46. List the prime factors of w(6).
2, 5
Suppose 0*o + 4*o - 18 = -3*u, 0 = -2*u - 2*o + 14. Let y = -6 + u. List the prime factors of ((-4)/8)/((-1)/y).
2
Let j(f) = f**3 - 2*f**2 - 5*f - 2. List the prime factors of j(4).
2, 5
Let q be (-100)/26 + (-14)/91. Let i(z) = 4*z**3 - 2*z**2 + 2*z + 1. Let x(v) = v**3 + 1. Let c(b) = i(b) - 5*x(b). What are the prime factors of c(q)?
2, 5
What are the prime factors of (-4428)/(-28) - (-3 - (-22)/7)?
2, 79
Let l be (2 - -3)*(-72)/10. Let c = l - -50. List the prime factors of c.
2, 7
Let p(x) be the first derivative of -x**4/4 - 2*x**3 - 3*x**2 - 1. Let l(u) = -u**3 + 7*u**2 - 8*u + 7. Let j be l(6). What are the prime factors of p(j)?
5
Let b = 23 + -33. What are the prime factors of (-82)/b - 7/35?
2
Let f be (10 - 5)/(3 + -2). Suppose f*t + 6 = b, 5*b + t + 3*t - 146 = 0. Suppose -45 = -5*l - 5*q, b = 3*l - 3*q - 7. List the prime factors of l.
2, 5
Suppose -281 + 1301 = 4*r. List the prime factors of r.
3, 5, 17
Let n(p) = -p**3 + 10*p**2 + 14*p - 3. Let i be n(11). Let b = -17 + i. List the prime factors of b.
13
Let m(h) be the second derivative of -1/2*h**2 + 17/6*h**3 + 0 + h. List the prime factors of m(1).
2
Let x(u) = 12*u**2 + u + 1. Let w(l) = l - 5. Let j be w(10). Suppose 2*s = -3*s - j. What are the prime factors of x(s)?
2, 3
Suppose 3*i = 6*i + 21. Let m = -4 - i. Suppose -r = -m*r + 8. List the prime factors of r.
2
Suppose 17 + 28 = 5*o. Suppose -o - 3 = -4*p. Suppose 0 = -3*t + p*r + 54, 4*r - 63 = -4*t - t. What are the prime factors of t?
3, 5
Let a = 6 + -4. Let h(j) = 4 - a*j + 1 - 3. List the prime factors of h(-5).
2, 3
Let a = -622 + 901. What are the prime factors of a?
3, 31
Let p = -9 - -16. Let i be ((-12)/p)/((-2)/14). Let z = -5 + i. List the prime factors of z.
7
Suppose -2*p + 4*v = -66, p + 2*v = -4*p + 165. List the prime factors of p.
3, 11
Suppose 148 = 2*h + 4*k, 0 = -4*h + 2*h + 4*k + 108. Suppose -a - a = -4, -2*z + 3*a = -h. What are the prime factors of z?
5, 7
Suppose 0 = -3*g + 4*d + 955, -2*g = -g + 5*d - 350. List the prime factors of g.
5, 13
Let b be 4/(-18)*-3*3. Let d(j) = 5*j**3 - j**2 + j - 1. What are the prime factors of d(b)?
37
Let v(m) = 2*m**2 - 14*m - 15. Let n be v(12). Suppose -3*w = 2*w - n. What are the prime factors of w?
3, 7
Let k = -38 + 76. What are the prime factors of k?
2, 19
List the prime factors of 3/(-12) + 2152/32.
67
Let u(o) = -o + 12. Let r be u(7). Suppose 2*z = 5*h - 0*h - 135, 0 = r*h - 4*z - 135. List the prime factors of h.
3
Suppose -2*t + 2*a - 6 = 6, t + 2*a = 0. What are the prime factors of -16*((-6)/t + -2)?
2
Let x = -232 - -400. List the prime factors of x.
2, 3, 7
List the prime factors of ((-21)/(-14))/((-2)/(-284)).
3, 71
Suppose 2*p = 5*p. Let w = 9 - p. What are the prime factors of w?
3
Let t(v) = v**2 + 3*v + 4. Let x be t(4). Suppose -7*f + 3*f + x = 0. List the prime factors of f.
2
Let z(r) = -2*r**3 + 4*r**2 - 2*r - 2. Let w be z(4). Let i = 103 + w. What are the prime factors of i?
29
List the prime factors of (3 + -19)*14/(-4).
2, 7
Let n = 270 - 176. List the prime factors of n.
2, 47
List the prime factors of 44/16*(-1 + 16)*4.
3, 5, 11
Let i be (2 + -1)*6/2. Suppose 12 = -0*v + i*v. Let t = v + 5. List the prime factors of t.
3
Suppose 257 + 151 = 17*d. List the prime factors of d.
2, 3
Let i(l) = -2 + 0 + 2*l + 0*l. List the prime factors of i(7).
2, 3
List the prime factors of ((-4)/6)/(8/(-3156)).
263
List the prime factors of 88 + (-9)/((-36)/(-8)).
2, 43
Suppose 5*o = 206 + 104. What are the prime factors of o?
2, 31
Let o = 7 + -14. Let v be 57*(-4 - 65/(-15)). Let u = o + v. What are the prime factors of u?
2, 3
Suppose 6*c - c = 0. Suppose -4*p - x = -c*x + 27, -9 = -2*p - 5*x. Let t(b) = -2*b - 8. List the prime factors of t(p).
2
Let s = 10 - 8. Suppose h + 5*p + 14 + 2 = 0, -5*h + 55 = -s*p. What are the prime factors of h?
3
Let p = 1 + 3. Suppose q + 60 = 5*q + 5*y, -p*y - 15 = -q. What are the prime factors of 57/q - (-2)/10?
2
Let x(d) = d - 8. Let u be x(9). Let a = 11 - u. What are the prime factors of a?
2, 5
Let w(r) = -r - 6. Let h be w(-5). Let z be h*(-4)/((-8)/6). What are the prime factors of 42/9 - (-2)/z?
2
Suppose 5*y - y - f - 4 = 0, -2*f + 8 = 0. Let d = 14 - y. List the prime factors of d.
2, 3
Let a be (-1*1)/(4/(-88)). Let m be (-6)/33 + (-62)/a. List the prime factors of -5 + 3 - 39/m.
11
List the prime factors of (-6)/(-2) + (4 - 4).
3
List the prime factors of 1 + 9/(-12)*-4.
2
Let q(g) be the second derivative of -g**8/6720 + g**6/720 + g**5/40 + g**4/4 - 2*g. Let l(f) be the third derivative of q(f). List the prime factors of l(0).
3
Let p = 1 + 25. List the prime factors of p.
2, 13
Suppose 6*f - 5*f - 178 = -3*h, 2*f + h = 376. What are the prime factors of f?
2, 5, 19
Suppose 4*n + 4*j = -8, 8*n + 16 = 3*n + j. Let a be (-2 - 0) + (4 - n). Suppose -a*x = -3*x - 4. List the prime factors of x.
2
Let i(n) = -14*n + 15. What are the prime factors of i(-5)?
5, 17
Suppose 5*t - 18 + 1 = -3*q, -4*t = -4. Let w(b) = 7*b - 9. List the prime factors of w(q).
19
Let c = -4 + 40. Suppose 10 = 3*q - 5. Suppose -q*p + c = -p. List the prime factors of p.
3
Let h(x) be the second derivative of x**7/2520 + x**6/360 + x**5/30 + x**4/6 + 4*x. Let v(s) be the third derivative of h(s). List the prime factors of v(-4).
2, 3
Suppose 0 = 13*x - 679 - 946. What are the prime factors of x?
5
Let n = 223 - 117. What are the prime factors of n?
2, 53
Let m be (148/6)/((-6)/36). What are the prime factors of (-4)/(-6) + m/(-12)?
13
Let h(a) be the third derivative of -1/60*a**5 + 0*a**3 + 0 - 4*a**2 + 7/24*a**4 + 0*a. List the prime factors of h(6).
2, 3
Suppose 0 = 7*p - 539 - 126. List the prime factors of p.
5, 19
List the prime factors of 56 - 3 - (-3 - -5).
3, 17
Let u be 2/7 + (-47)/(-7). List the prime factors of (u - (-1 + 3))*4.
2, 5
Let i(p) = 3*p**2 + p + 2. What are the prime factors of i(-2)?
2, 3
Suppose h + 3*h = -20. What are the prime factors of 4/(-1) - 160/h?
2, 7
Let l(w) = -w**2 + 6*w + 3. Let n(y) = y**3 + 7*y**2 + 5*y - 2. Suppose -3 - 3 = k. Let b be n(k). List the prime factors of l(b).
11
Let m(y) = 5*y + 5. Let g be m(4). Suppose g = 3*z - 2*b, 5*b + 13 = z - 17. List the prime factors of z.
5
List the prime factors of -1 + 0 + (-1 - -66).
2
Let k = 78 + 18. What are the prime factors of k?
2, 3
Let l = 247 - 136. List the prime factors of l.
3, 37
Let m(z) = z**2 + 7*z + 8. Let n be m(-6). Suppose 4*d = n*d + 70. List the prime factors of d.
5, 7
List the prime factors of (-1)/(-2) + 342/4.
2, 43
Let h(g) = g**3 + 7*g**2 - 10*g - 11. Let a be h(-8). Suppose a*t = u + 226, 3*t = 5*u + 89 + 29. What are the prime factors of t?
2, 23
What are the prime fac